6?
4
What is the thousands digit of 2212552?
2
What is the hundreds digit of 2102495?
4
What is the thousands digit of 2330339?
0
What is the units digit of 160916?
6
What is the ten thousands digit of 126848?
2
What is the ten thousands digit of 48432?
4
What is the hundred thousands digit of 321175?
3
What is the hundreds digit of 495779?
7
What is the hundred thousands digit of 2416697?
4
What is the hundreds digit of 183005?
0
What is the tens digit of 3974689?
8
What is the tens digit of 8275027?
2
What is the ten thousands digit of 106960?
0
What is the hundreds digit of 24313989?
9
What is the thousands digit of 329741?
9
What is the ten millions digit of 19789285?
1
What is the units digit of 1064387?
7
What is the tens digit of 8711003?
0
What is the tens digit of 165614?
1
What is the thousands digit of 1989475?
9
What is the millions digit of 11601612?
1
What is the ten thousands digit of 94395?
9
What is the tens digit of 179700?
0
What is the tens digit of 4415540?
4
What is the ten thousands digit of 931866?
3
What is the thousands digit of 6280186?
0
What is the tens digit of 7735195?
9
What is the units digit of 1474285?
5
What is the ten thousands digit of 951383?
5
What is the hundreds digit of 557273?
2
What is the tens digit of 1983194?
9
What is the hundred thousands digit of 11038860?
0
What is the hundred thousands digit of 3497442?
4
What is the thousands digit of 6643488?
3
What is the hundreds digit of 387124?
1
What is the millions digit of 1891712?
1
What is the hundred thousands digit of 521032?
5
What is the hundred thousands digit of 671072?
6
What is the hundred thousands digit of 337338?
3
What is the thousands digit of 320084?
0
What is the thousands digit of 524117?
4
What is the ten millions digit of 17582208?
1
What is the hundreds digit of 1024266?
2
What is the thousands digit of 8826003?
6
What is the millions digit of 1716871?
1
What is the hundreds digit of 2900654?
6
What is the millions digit of 6119443?
6
What is the units digit of 6714745?
5
What is the ten thousands digit of 10561637?
6
What is the hundreds digit of 890021?
0
What is the units digit of 1221761?
1
What is the ten thousands digit of 3165990?
6
What is the thousands digit of 915175?
5
What is the hundreds digit of 12741?
7
What is the units digit of 4503972?
2
What is the hundred thousands digit of 891074?
8
What is the ten millions digit of 15349154?
1
What is the hundreds digit of 9255?
2
What is the ten thousands digit of 578706?
7
What is the ten thousands digit of 3291296?
9
What is the thousands digit of 6229891?
9
What is the hundred thousands digit of 197019?
1
What is the ten millions digit of 19759913?
1
What is the units digit of 111338?
8
What is the hundreds digit of 211848?
8
What is the tens digit of 26893004?
0
What is the millions digit of 26930244?
6
What is the hundreds digit of 2990907?
9
What is the ten thousands digit of 216692?
1
What is the ten thousands digit of 4126053?
2
What is the hundred thousands digit of 295534?
2
What is the hundreds digit of 17742158?
1
What is the tens digit of 3252657?
5
What is the hundred thousands digit of 427769?
4
What is the hundred thousands digit of 15638398?
6
What is the tens digit of 557545?
4
What is the units digit of 368011?
1
What is the hundreds digit of 12369972?
9
What is the tens digit of 1539529?
2
What is the units digit of 3111971?
1
What is the hundreds digit of 9969?
9
What is the ten thousands digit of 1175617?
7
What is the units digit of 5485673?
3
What is the hundred thousands digit of 125395?
1
What is the ten thousands digit of 2746656?
4
What is the ten thousands digit of 181388?
8
What is the ten thousands digit of 2459695?
5
What is the hundred thousands digit of 544526?
5
What is the ten thousands digit of 188847?
8
What is the hundreds digit of 2485784?
7
What is the millions digit of 16871302?
6
What is the units digit of 213163?
3
What is the thousands digit of 305394?
5
What is the units digit of 165711?
1
What is the tens digit of 1058077?
7
What is the tens digit of 11670824?
2
What is the millions digit of 2464307?
2
What is the hundred thousands digit of 12166542?
1
What is the ten thousands digit of 500381?
0
What is the thousands digit of 919729?
9
What is the hundred thousands digit of 875950?
8
What is the hundreds digit of 196941?
9
What is the units digit of 314762?
2
What is the hundreds digit of 547491?
4
What is the hundreds digit of 442726?
7
What is the ten thousands digit of 363379?
6
What is the units digit of 11458188?
8
What is the hundreds digit of 1384?
3
What is the ten millions digit of 33351131?
3
What is the ten millions digit of 10269128?
1
What is the hundreds digit of 2092497?
4
What is the hundreds digit of 374269?
2
What is the ten thousands digit of 403603?
0
What is the units digit of 1019563?
3
What is the hundreds digit of 362832?
8
What is the millions digit of 5347960?
5
What is the units digit of 687168?
8
What is the hundreds digit of 10245669?
6
What is the hundreds digit of 4383224?
2
What is the ten thousands digit of 6499191?
9
What is the tens digit of 354156?
5
What is the thousands digit of 150176?
0
What is the ten thousands digit of 155858?
5
What is the tens digit of 243478?
7
What is the hundreds digit of 497925?
9
What is the millions digit of 6727802?
6
What is the ten millions digit of 13676265?
1
What is the hundred thousands digit of 10430014?
4
What is the units digit of 904843?
3
What is the thousands digit of 2269227?
9
What is the thousands digit of 56472?
6
What is the hundred thousands digit of 117103?
1
What is the hundred thousands digit of 788104?
7
What is the millions digit of 1122830?
1
What is the ten thousands digit of 255000?
5
What is the hundreds digit of 308889?
8
What is the hundred thousands digit of 10822669?
8
What is the thousands digit of 95253?
5
What is the units digit of 15120?
0
What is the thousands digit of 265973?
5
What is the units digit of 164769?
9
What is the tens digit of 546439?
3
What is the thousands digit of 16281930?
1
What is the ten thousands digit of 20744626?
4
What is the thousands digit of 6293?
6
What is the thousands digit of 2078871?
8
What is the thousands digit of 750605?
0
What is the thousands digit of 152258?
2
What is the tens digit of 503331?
3
What is the thousands digit of 986169?
6
What is the ten thousands digit of 113770?
1
What is the units digit of 100196?
6
What is the ten thousands digit of 841507?
4
What is the thousands digit of 16667041?
7
What is the hundred thousands digit of 389982?
3
What is the units digit of 229862?
2
What is the thousands digit of 1829942?
9
What is the units digit of 1097175?
5
What is the hundred thousands digit of 34833455?
8
What is the hundreds digit of 85074?
0
What is the hundred thousands digit of 6745951?
7
What is the millions digit of 5399686?
5
What is the thousands digit of 36053434?
3
What is the millions digit of 12730636?
2
What is the units digit of 732804?
4
What is the ten thousands digit of 232564?
3
What is the hundreds digit of 1127278?
2
What is the units digit of 145405?
5
What is the tens digit of 876433?
3
What is the hundreds digit of 389666?
6
What is the hundred thousands digit of 137010?
1
What is the thousands digit of 454761?
4
What is the ten thousands digit of 966195?
6
What is the ten thousands digit of 29106?
2
What is the thousands digit of 661777?
1
What is the units digit of 942888?
8
What is the thousands digit of 1186345?
6
What is the hundred thousands digit of 17377833?
3
What is the units digit of 1272606?
6
What is the tens digit of 18948452?
5
What is the thousands digit of 1546279?
6
What is the hundreds digit of 1404999?
9
What is the thousands digit of 105370?
5
What is the ten thousands digit of 215879?
1
What is the ten thousands digit of 3911099?
1
What is the hundreds digit of 163888?
8
What is the thousands digit of 133591?
3
What is the hundred thousands digit of 3534007?
5
What is the hundreds digit of 545981?
9
What is the units digit of 1040479?
9
What is the hundred thousands digit of 986704?
9
What is the hundred thousands digit of 596466?
5
What is the units digit of 310930?
0
What is the hundred thousands digit of 126791?
1
What is t